{"id":3,"date":"2020-02-10T15:17:49","date_gmt":"2020-02-10T14:17:49","guid":{"rendered":"http:\/\/gsalden.folkwang-uni.de\/?page_id=3"},"modified":"2022-04-27T02:19:15","modified_gmt":"2022-04-27T00:19:15","slug":"datenschutz","status":"publish","type":"page","link":"https:\/\/gsalden.folkwang-uni.de\/index.php\/datenschutz\/","title":{"rendered":"Datenschutz"},"content":{"rendered":"<h2 class=\"wp-block-heading\">Wer wir sind<\/h2>\n\n\n\n<p>Die Adresse unserer Website ist: https:\/\/gsalden.folkwang-uni.de.<\/p>\n\n\n\n<h2 class=\"wp-block-heading\"><strong>1. Datenschutz auf einen Blick<\/strong><\/h2>\n\n\n\n<h5 class=\"wp-block-heading\"><strong>Allgemeine Hinweise<\/strong><\/h5>\n\n\n\n<p>Die folgenden Hinweise geben einen einfachen &Uuml;berblick dar&uuml;ber, was mit Ihren personenbezogenen Daten passiert, wenn Sie diese Website besuchen. Personenbezogene Daten sind alle Daten, mit denen Sie pers&ouml;nlich identifiziert werden k&ouml;nnen. Ausf&uuml;hrliche Informationen zum Thema Datenschutz entnehmen Sie unserer unter diesem Text aufgef&uuml;hrten Datenschutzerkl&auml;rung.<\/p>\n\n\n\n<h4 class=\"wp-block-heading\"><strong>Datenerfassung auf dieser Website<\/strong><\/h4>\n\n\n\n<h5 class=\"wp-block-heading\"><strong>Wer ist verantwortlich f&#xFC;r die Datenerfassung auf dieser Website?<\/strong><\/h5>\n\n\n\n<p>Die Datenverarbeitung auf dieser Website erfolgt durch den Websitebetreiber. Dessen Kontaktdaten k&ouml;nnen Sie dem Abschnitt &bdquo;Hinweis zur Verantwortlichen Stelle&ldquo; in dieser Datenschutzerkl&auml;rung entnehmen.<\/p>\n\n\n\n<h5 class=\"wp-block-heading\"><strong>Wie erfassen wir Ihre Daten?<\/strong><\/h5>\n\n\n\n<p>Ihre Daten werden zum einen dadurch erhoben, dass Sie uns diese mitteilen. Hierbei kann es sich z. B. um Daten handeln, die Sie in ein Kontaktformular eingeben.<\/p>\n\n\n\n<p>Andere Daten werden automatisch oder nach Ihrer Einwilligung beim Besuch der Website durch unsere IT- Systeme erfasst. Das sind vor allem technische Daten (z. B. Internetbrowser, Betriebssystem oder Uhrzeit des Seitenaufrufs). Die Erfassung dieser Daten erfolgt automatisch, sobald Sie diese Website betreten.<\/p>\n\n\n\n<h5 class=\"wp-block-heading\"><strong>Wof&#xFC;r nutzen wir Ihre Daten?<\/strong><\/h5>\n\n\n\n<p>Ein Teil der Daten wird erhoben, um eine fehlerfreie Bereitstellung der Website zu gew&auml;hrleisten. Andere Daten k&ouml;nnen zur Analyse Ihres Nutzerverhaltens verwendet werden.<\/p>\n\n\n\n<h5 class=\"wp-block-heading\"><strong>Welche Rechte haben Sie bez&#xFC;glich Ihrer Daten?<\/strong><\/h5>\n\n\n\n<p>Sie haben jederzeit das Recht, unentgeltlich Auskunft &uuml;ber Herkunft, Empf&auml;nger und Zweck Ihrer gespeicherten personenbezogenen Daten zu erhalten. Sie haben au&szlig;erdem ein Recht, die Berichtigung oder L&ouml;schung dieser Daten zu verlangen. Wenn Sie eine Einwilligung zur Datenverarbeitung erteilt haben, k&ouml;nnen Sie diese Einwilligung jederzeit f&uuml;r die Zukunft widerrufen. Au&szlig;erdem haben Sie das Recht, unter bestimmten Umst&auml;nden die Einschr&auml;nkung der Verarbeitung Ihrer personenbezogenen Daten zu verlangen. Des Weiteren steht Ihnen ein Beschwerderecht bei der zust&auml;ndigen Aufsichtsbeh&ouml;rde zu.<\/p>\n\n\n\n<p>Hierzu sowie zu weiteren Fragen zum Thema Datenschutz k&ouml;nnen Sie sich jederzeit an uns wenden.<\/p>\n\n\n\n<h3 class=\"wp-block-heading\"><strong>2. Allgemeine Hinweise und Pflichtinformationen<\/strong><\/h3>\n\n\n\n<h5 class=\"wp-block-heading\"><strong>Datenschutz<\/strong><\/h5>\n\n\n\n<p>Die Betreiber dieser Seiten nehmen den Schutz Ihrer pers&ouml;nlichen Daten sehr ernst. Wir behandeln Ihre personenbezogenen Daten vertraulich und entsprechend der gesetzlichen Datenschutzvorschriften sowie dieser Datenschutzerkl&auml;rung.<\/p>\n\n\n\n<p>Wenn Sie diese Website benutzen, werden verschiedene personenbezogene Daten erhoben. Personenbezogene Daten sind Daten, mit denen Sie pers&ouml;nlich identifiziert werden k&ouml;nnen. Die vorliegende Datenschutzerkl&auml;rung erl&auml;utert, welche Daten wir erheben und wof&uuml;r wir sie nutzen. Sie erl&auml;utert auch, wie und zu welchem Zweck das geschieht.<\/p>\n\n\n\n<p>Wir weisen darauf hin, dass die Daten&uuml;bertragung im Internet (z. B. bei der Kommunikation per E-Mail) Sicherheitsl&uuml;cken aufweisen kann. Ein l&uuml;ckenloser Schutz der Daten vor dem Zugriff durch Dritte ist nicht m&ouml;glich.<\/p>\n\n\n\n<h5 class=\"wp-block-heading\"><strong>Hinweis zur verantwortlichen Stelle<\/strong><\/h5>\n\n\n\n<p>Die verantwortliche Stelle f&uuml;r die Datenverarbeitung auf dieser Website ist:<\/p>\n\n\n\n<p><em>Folkwang Universit&auml;t der K&uuml;nste<\/em><br>Klemensborn 39<br>D-45239 Essen<br>Tel: +49_(0)201_4903-0<br>Fax: +49_(0)201_4903-288<br>E-Mail-Adresse: <a href=\"mailto:natascha.dell@folkwang-uni.de\">E-Mail<\/a><\/p>\n\n\n\n<p>Die Folkwang&nbsp;Universit&auml;t der K&uuml;nste ist eine K&ouml;rperschaft des &Ouml;ffentlichen Rechts. Sie wird durch den Rektor Prof. Dr. Andreas Jacob gesetzlich vertreten.<\/p>\n\n\n\n<p>Verantwortliche Stelle ist die nat&uuml;rliche oder juristische Person, die allein oder gemeinsam mit anderen &uuml;ber die Zwecke und Mittel der Verarbeitung von personenbezogenen Daten (z. B. Namen, E-Mail-Adressen o. &Auml;.) entscheidet.<\/p>\n\n\n\n<h5 class=\"wp-block-heading\"><strong>Speicherdauer<\/strong><\/h5>\n\n\n\n<p>Soweit innerhalb dieser Datenschutzerkl&auml;rung keine speziellere Speicherdauer genannt wurde, verbleiben Ihre personenbezogenen Daten bei uns, bis der Zweck f&uuml;r die Datenverarbeitung entf&auml;llt. Wenn Sie ein berechtigtes L&ouml;schersuchen geltend machen oder eine Einwilligung zur Datenverarbeitung widerrufen, werden Ihre Daten gel&ouml;scht, sofern wir keinen anderen rechtlich zul&auml;ssigen Gr&uuml;nde f&uuml;r die Speicherung Ihrer personenbezogenen Daten haben (z.B. steuer- oder handelsrechtliche Aufbewahrungsfristen); im letztgenannten Fall erfolgt die L&ouml;schung nach Fortfall dieser Gr&uuml;nde.<\/p>\n\n\n\n<h5 class=\"wp-block-heading\"><strong>Widerruf Ihrer Einwilligung zur Datenverarbeitung<\/strong><\/h5>\n\n\n\n<p>Viele Datenverarbeitungsvorg&auml;nge sind nur mit Ihrer ausdr&uuml;cklichen Einwilligung m&ouml;glich. Sie k&ouml;nnen eine bereits erteilte Einwilligung jederzeit widerrufen. Die Rechtm&auml;&szlig;igkeit der bis zum Widerruf erfolgten Datenverarbeitung bleibt vom Widerruf unber&uuml;hrt.<\/p>\n\n\n\n<h5 class=\"wp-block-heading\"><strong>Widerspruchsrecht gegen die Datenerhebung in besonderen F&#xE4;llen sowie gegen Direktwerbung (Art. 21 DSGVO)<\/strong><\/h5>\n\n\n\n<p>WENN DIE DATENVERARBEITUNG AUF GRUNDLAGE VON ART. 6 ABS. 1 LIT. E ODER F DSGVO ERFOLGT, HABEN SIE JEDERZEIT DAS RECHT, AUS GR&Uuml;NDEN, DIE SICH AUS IHRER BESONDEREN SITUATION ERGEBEN, GEGEN DIE VERARBEITUNG IHRER PERSONENBEZOGENEN DATEN WIDERSPRUCH EINZULEGEN; DIES GILT AUCH F&Uuml;R EIN AUF DIESE BESTIMMUNGEN GEST&Uuml;TZTES PROFILING. DIE JEWEILIGE RECHTSGRUNDLAGE, AUF DENEN EINE VERARBEITUNG BERUHT, ENTNEHMEN SIE DIESER DATENSCHUTZERKL&Auml;RUNG. WENN SIE WIDERSPRUCH EINLEGEN, WERDEN WIR IHRE BETROFFENEN PERSONENBEZOGENEN DATEN NICHT MEHR VERARBEITEN, ES SEI DENN, WIR K&Ouml;NNEN ZWINGENDE SCHUTZW&Uuml;RDIGE GR&Uuml;NDE F&Uuml;R DIE VERARBEITUNG NACHWEISEN, DIE IHRE INTERESSEN, RECHTE UND FREIHEITEN &Uuml;BERWIEGEN ODER DIE VERARBEITUNG DIENT DER GELTENDMACHUNG, AUS&Uuml;BUNG ODER VERTEIDIGUNG VON RECHTSANSPR&Uuml;CHEN (WIDERSPRUCH NACH ART. 21 ABS. 1 DSGVO).<\/p>\n\n\n\n<p>WERDEN IHRE PERSONENBEZOGENEN DATEN VERARBEITET, UM DIREKTWERBUNG ZU BETREIBEN, SO HABEN SIE DAS RECHT, JEDERZEIT WIDERSPRUCH GEGEN DIE VERARBEITUNG SIE BETREFFENDER PERSONENBEZOGENER DATEN ZUM ZWECKE DERARTIGER WERBUNG EINZULEGEN; DIES GILT AUCH F&Uuml;R DAS PROFILING, SOWEIT ES MIT SOLCHER DIREKTWERBUNG IN VERBINDUNG STEHT. WENN SIE WIDERSPRECHEN, WERDEN IHRE PERSONENBEZOGENEN DATEN ANSCHLIESSEND NICHT MEHR ZUM ZWECKE DER DIREKTWERBUNG VERWENDET (WIDERSPRUCH NACH ART. 21 ABS. 2 DSGVO).<\/p>\n\n\n\n<h5 class=\"wp-block-heading\"><strong>Beschwerderecht bei der zust&#xE4;ndigen Aufsichtsbeh&#xF6;rde<\/strong><\/h5>\n\n\n\n<p>Im Falle von Verst&ouml;&szlig;en gegen die DSGVO steht den Betroffenen ein Beschwerderecht bei einer Aufsichtsbeh&ouml;rde, insbesondere in dem Mitgliedstaat ihres gew&ouml;hnlichen Aufenthalts, ihres Arbeitsplatzes oder des Orts des mutma&szlig;lichen Versto&szlig;es zu. Das Beschwerderecht besteht unbeschadet anderweitiger verwaltungsrechtlicher oder gerichtlicher Rechtsbehelfe.<\/p>\n\n\n\n<h5 class=\"wp-block-heading\"><strong>Recht auf Daten&#xFC;bertragbarkeit<\/strong><\/h5>\n\n\n\n<p>Sie haben das Recht, Daten, die wir auf Grundlage Ihrer Einwilligung oder in Erf&uuml;llung eines Vertrags automatisiert verarbeiten, an sich oder an einen Dritten in einem g&auml;ngigen, maschinenlesbaren Format aush&auml;ndigen zu lassen. Sofern Sie die direkte &Uuml;bertragung der Daten an einen anderen Verantwortlichen verlangen, erfolgt dies nur, soweit es technisch machbar ist.<\/p>\n\n\n\n<h5 class=\"wp-block-heading\"><strong>SSL- bzw. TLS-Verschl&#xFC;sselung<\/strong><\/h5>\n\n\n\n<p>Diese Seite nutzt aus Sicherheitsgr&uuml;nden und zum Schutz der &Uuml;bertragung vertraulicher Inhalte, wie zum Beispiel Bestellungen oder Anfragen, die Sie an uns als Seitenbetreiber senden, eine SSL- bzw. TLS- Verschl&uuml;sselung. Eine verschl&uuml;sselte Verbindung erkennen Sie daran, dass die Adresszeile des Browsers von &bdquo;http:\/\/&ldquo; auf &bdquo;https:\/\/&ldquo; wechselt und an dem Schloss-Symbol in Ihrer Browserzeile.<\/p>\n\n\n\n<p>Wenn die SSL- bzw. TLS-Verschl&uuml;sselung aktiviert ist, k&ouml;nnen die Daten, die Sie an uns &uuml;bermitteln, nicht von Dritten mitgelesen werden.<\/p>\n\n\n\n<h5 class=\"wp-block-heading\"><strong>Auskunft, L&#xF6;schung und Berichtigung<\/strong><\/h5>\n\n\n\n<p>Sie haben im Rahmen der geltenden gesetzlichen Bestimmungen jederzeit das Recht auf unentgeltliche Auskunft &uuml;ber Ihre gespeicherten personenbezogenen Daten, deren Herkunft und Empf&auml;nger und den Zweck der Datenverarbeitung und ggf. ein Recht auf Berichtigung oder L&ouml;schung dieser Daten. Hierzu sowie zu weiteren Fragen zum Thema personenbezogene Daten k&ouml;nnen Sie sich jederzeit an uns wenden.<\/p>\n\n\n\n<h5 class=\"wp-block-heading\"><strong>Recht auf Einschr&#xE4;nkung der Verarbeitung<\/strong><\/h5>\n\n\n\n<p>Sie haben das Recht, die Einschr&auml;nkung der Verarbeitung Ihrer personenbezogenen Daten zu verlangen. Hierzu k&ouml;nnen Sie sich jederzeit an uns wenden. Das Recht auf Einschr&auml;nkung der Verarbeitung besteht in folgenden F&auml;llen:<\/p>\n\n\n\n<p>Wenn Sie die Richtigkeit Ihrer bei uns gespeicherten personenbezogenen Daten bestreiten, ben&ouml;tigen wir in der Regel Zeit, um dies zu &uuml;berpr&uuml;fen. F&uuml;r die Dauer der Pr&uuml;fung haben Sie das Recht, die Einschr&auml;nkung der Verarbeitung Ihrer personenbezogenen Daten zu verlangen.<br>Wenn die Verarbeitung Ihrer personenbezogenen Daten unrechtm&auml;&szlig;ig geschah\/geschieht, k&ouml;nnen Sie statt der L&ouml;schung die Einschr&auml;nkung der Datenverarbeitung verlangen.<\/p>\n\n\n\n<p>Wenn wir Ihre personenbezogenen Daten nicht mehr ben&ouml;tigen, Sie sie jedoch zur Aus&uuml;bung, Verteidigung oder Geltendmachung von Rechtsanspr&uuml;chen ben&ouml;tigen, haben Sie das Recht, statt der L&ouml;schung die Einschr&auml;nkung der Verarbeitung Ihrer personenbezogenen Daten zu verlangen.<br>Wenn Sie einen Widerspruch nach Art. 21 Abs. 1 DSGVO eingelegt haben, muss eine Abw&auml;gung zwischen Ihren und unseren Interessen vorgenommen werden. Solange noch nicht feststeht, wessen Interessen &uuml;berwiegen, haben Sie das Recht, die Einschr&auml;nkung der Verarbeitung Ihrer personenbezogenen Daten zu verlangen.<\/p>\n\n\n\n<p>Wenn Sie die Verarbeitung Ihrer personenbezogenen Daten eingeschr&auml;nkt haben, d&uuml;rfen diese Daten &ndash; von ihrer Speicherung abgesehen &ndash; nur mit Ihrer Einwilligung oder zur Geltendmachung, Aus&uuml;bung oder Verteidigung von Rechtsanspr&uuml;chen oder zum Schutz der Rechte einer anderen nat&uuml;rlichen oder juristischen Person oder aus Gr&uuml;nden eines wichtigen &ouml;ffentlichen Interesses der Europ&auml;ischen Union oder&nbsp;eines Mitgliedstaats verarbeitet werden.<\/p>\n\n\n\n<h2 class=\"wp-block-heading\"><strong>3. Datenerfassung auf dieser Website<\/strong><\/h2>\n\n\n\n<h5 class=\"wp-block-heading\">Kommentare<\/h5>\n\n\n\n<p>Wenn Besucher Kommentare auf der Website schreiben, sammeln wir die Daten, die im Kommentar-Formular angezeigt werden, au&szlig;erdem die IP-Adresse des Besuchers und den User-Agent-String (damit wird der Browser identifiziert), um die Erkennung von Spam zu unterst&uuml;tzen.<\/p>\n\n\n\n<p>Aus deiner E-Mail-Adresse kann eine anonymisierte Zeichenfolge erstellt (auch Hash genannt) und dem Gravatar-Dienst &uuml;bergeben werden, um zu pr&uuml;fen, ob du diesen benutzt. Die Datenschutzerkl&auml;rung des Gravatar-Dienstes findest du hier: https:\/\/automattic.com\/privacy\/. Nachdem dein Kommentar freigegeben wurde, ist dein Profilbild &ouml;ffentlich im Kontext deines Kommentars sichtbar.<\/p>\n\n\n\n<h5 class=\"wp-block-heading\">Medien<\/h5>\n\n\n\n<p>Wenn du ein registrierter Benutzer bist und Fotos auf diese Website l&auml;dst, solltest du vermeiden, Fotos mit einem EXIF-GPS-Standort hochzuladen. Besucher dieser Website k&ouml;nnten Fotos, die auf dieser Website gespeichert sind, herunterladen und deren Standort-Informationen extrahieren.<\/p>\n\n\n\n<h5 class=\"wp-block-heading\">Cookies<\/h5>\n\n\n\n<p>Wenn du einen Kommentar auf unserer Website schreibst, kann das eine Einwilligung sein, deinen Namen, E-Mail-Adresse und Website in Cookies zu speichern. Dies ist eine Komfortfunktion, damit du nicht, wenn du einen weiteren Kommentar schreibst, all diese Daten erneut eingeben musst. Diese Cookies werden ein Jahr lang gespeichert.<\/p>\n\n\n\n<p>Falls du ein Konto hast und dich auf dieser Website anmeldest, werden wir ein tempor&auml;res Cookie setzen, um festzustellen, ob dein Browser Cookies akzeptiert. Dieses Cookie enth&auml;lt keine personenbezogenen Daten und wird verworfen, wenn du deinen Browser schlie&szlig;t.<\/p>\n\n\n\n<p>Wenn du dich anmeldest, werden wir einige Cookies einrichten, um deine Anmeldeinformationen und Anzeigeoptionen zu speichern. Anmelde-Cookies verfallen nach zwei Tagen und Cookies f&uuml;r die Anzeigeoptionen nach einem Jahr. Falls du bei der Anmeldung &bdquo;Angemeldet bleiben&ldquo; ausw&auml;hlst, wird deine Anmeldung zwei Wochen lang aufrechterhalten. Mit der Abmeldung aus deinem Konto werden die Anmelde-Cookies gel&ouml;scht.<\/p>\n\n\n\n<p>Wenn du einen Artikel bearbeitest oder ver&ouml;ffentlichst, wird ein zus&auml;tzlicher Cookie in deinem Browser gespeichert. Dieser Cookie enth&auml;lt keine personenbezogenen Daten und verweist nur auf die Beitrags-ID des Artikels, den du gerade bearbeitet hast. Der Cookie verf&auml;llt nach einem Tag.<\/p>\n\n\n\n<h5 class=\"wp-block-heading\">Eingebettete Inhalte von anderen Websites<\/h5>\n\n\n\n<p>Beitr&auml;ge auf dieser Website k&ouml;nnen eingebettete Inhalte beinhalten (z.&nbsp;B. Videos, Bilder, Beitr&auml;ge etc.). Eingebettete Inhalte von anderen Websites verhalten sich exakt so, als ob der Besucher die andere Website besucht h&auml;tte.<\/p>\n\n\n\n<p>Diese Websites k&ouml;nnen Daten &uuml;ber dich sammeln, Cookies benutzen, zus&auml;tzliche Tracking-Dienste von Dritten einbetten und deine Interaktion mit diesem eingebetteten Inhalt aufzeichnen, inklusive deiner Interaktion mit dem eingebetteten Inhalt, falls du ein Konto hast und auf dieser Website angemeldet bist.<\/p>\n\n\n\n<h5 class=\"wp-block-heading\">Mit wem wir deine Daten teilen<\/h5>\n\n\n\n<p>Wenn du eine Zur&uuml;cksetzung des Passworts beantragst, wird deine IP-Adresse in der E-Mail zur Zur&uuml;cksetzung enthalten sein.<\/p>\n\n\n\n<h5 class=\"wp-block-heading\">Wie lange wir deine Daten speichern<\/h5>\n\n\n\n<p>Wenn du einen Kommentar schreibst, wird dieser inklusive Metadaten zeitlich unbegrenzt gespeichert. Auf diese Art k&ouml;nnen wir Folgekommentare automatisch erkennen und freigeben, anstatt sie in einer Moderations-Warteschlange festzuhalten.<\/p>\n\n\n\n<p>F&uuml;r Benutzer, die sich auf unserer Website registrieren, speichern wir zus&auml;tzlich die pers&ouml;nlichen Informationen, die sie in ihren Benutzerprofilen angeben. Alle Benutzer k&ouml;nnen jederzeit ihre pers&ouml;nlichen Informationen einsehen, ver&auml;ndern oder l&ouml;schen (der Benutzername kann nicht ver&auml;ndert werden). Administratoren der Website k&ouml;nnen diese Informationen ebenfalls einsehen und ver&auml;ndern.<\/p>\n\n\n\n<h5 class=\"wp-block-heading\">Welche Rechte du an deinen Daten hast<\/h5>\n\n\n\n<p>Wenn du ein Konto auf dieser Website besitzt oder Kommentare geschrieben hast, kannst du einen Export deiner personenbezogenen Daten bei uns anfordern, inklusive aller Daten, die du uns mitgeteilt hast. Dar&uuml;ber hinaus kannst du die L&ouml;schung aller personenbezogenen Daten, die wir von dir gespeichert haben, anfordern. Dies umfasst nicht die Daten, die wir aufgrund administrativer, rechtlicher oder sicherheitsrelevanter Notwendigkeiten aufbewahren m&uuml;ssen.<\/p>\n\n\n\n<h5 class=\"wp-block-heading\">Wohin wir deine Daten senden<\/h5>\n\n\n\n<p>Besucher-Kommentare k&ouml;nnten von einem automatisierten Dienst zur Spam-Erkennung untersucht werden.<\/p>\n","protected":false},"excerpt":{"rendered":"<p>Wer wir sind Die Adresse unserer Website ist: https:\/\/gsalden.folkwang-uni.de. 1. Datenschutz auf einen Blick Allgemeine Hinweise Die folgenden Hinweise geben einen einfachen \u00dcberblick dar\u00fcber, was mit Ihren personenbezogenen Daten passiert, wenn Sie diese Website besuchen. Personenbezogene Daten sind alle Daten, mit denen Sie pers\u00f6nlich identifiziert werden k\u00f6nnen. Ausf\u00fchrliche Informationen zum Thema Datenschutz entnehmen Sie unserer [&hellip;]<\/p>\n","protected":false},"author":1,"featured_media":3207,"parent":0,"menu_order":0,"comment_status":"closed","ping_status":"closed","template":"","meta":{"inline_featured_image":false,"footnotes":""},"class_list":["post-3","page","type-page","status-publish","has-post-thumbnail","hentry"],"_links":{"self":[{"href":"https:\/\/gsalden.folkwang-uni.de\/index.php\/wp-json\/wp\/v2\/pages\/3","targetHints":{"allow":["GET"]}}],"collection":[{"href":"https:\/\/gsalden.folkwang-uni.de\/index.php\/wp-json\/wp\/v2\/pages"}],"about":[{"href":"https:\/\/gsalden.folkwang-uni.de\/index.php\/wp-json\/wp\/v2\/types\/page"}],"author":[{"embeddable":true,"href":"https:\/\/gsalden.folkwang-uni.de\/index.php\/wp-json\/wp\/v2\/users\/1"}],"replies":[{"embeddable":true,"href":"https:\/\/gsalden.folkwang-uni.de\/index.php\/wp-json\/wp\/v2\/comments?post=3"}],"version-history":[{"count":4,"href":"https:\/\/gsalden.folkwang-uni.de\/index.php\/wp-json\/wp\/v2\/pages\/3\/revisions"}],"predecessor-version":[{"id":6891,"href":"https:\/\/gsalden.folkwang-uni.de\/index.php\/wp-json\/wp\/v2\/pages\/3\/revisions\/6891"}],"wp:featuredmedia":[{"embeddable":true,"href":"https:\/\/gsalden.folkwang-uni.de\/index.php\/wp-json\/wp\/v2\/media\/3207"}],"wp:attachment":[{"href":"https:\/\/gsalden.folkwang-uni.de\/index.php\/wp-json\/wp\/v2\/media?parent=3"}],"curies":[{"name":"wp","href":"https:\/\/api.w.org\/{rel}","templated":true}]}}